en 162539 is divided by 129?
128
Calculate the remainder when 78089 is divided by 190.
189
What is the remainder when 736449 is divided by 1430?
1429
What is the remainder when 17213 is divided by 1225?
63
Calculate the remainder when 3601 is divided by 95.
86
What is the remainder when 5761 is divided by 5500?
261
What is the remainder when 16189 is divided by 674?
13
What is the remainder when 4115 is divided by 55?
45
Calculate the remainder when 10937 is divided by 5461.
15
Calculate the remainder when 23198 is divided by 763.
308
What is the remainder when 390564 is divided by 78?
18
What is the remainder when 17105 is divided by 349?
4
Calculate the remainder when 2982 is divided by 325.
57
What is the remainder when 6788 is divided by 3387?
14
Calculate the remainder when 6630 is divided by 6628.
2
Calculate the remainder when 1805 is divided by 28.
13
Calculate the remainder when 121322 is divided by 115.
112
What is the remainder when 75998 is divided by 20?
18
Calculate the remainder when 8049 is divided by 35.
34
What is the remainder when 61565 is divided by 592?
589
What is the remainder when 5128 is divided by 215?
183
What is the remainder when 1179 is divided by 17?
6
What is the remainder when 4122494 is divided by 1131?
1130
What is the remainder when 5511 is divided by 393?
9
What is the remainder when 23596 is divided by 7779?
259
What is the remainder when 1703239 is divided by 616?
615
What is the remainder when 234 is divided by 32?
10
Calculate the remainder when 5667 is divided by 2780.
107
Calculate the remainder when 71686 is divided by 209.
208
Calculate the remainder when 6748 is divided by 211.
207
What is the remainder when 2438 is divided by 418?
348
Calculate the remainder when 21770 is divided by 98.
14
Calculate the remainder when 9106 is divided by 4553.
0
Calculate the remainder when 1013476 is divided by 188.
156
What is the remainder when 56672 is divided by 56672?
0
What is the remainder when 13229 is divided by 69?
50
What is the remainder when 324363 is divided by 324350?
13
Calculate the remainder when 473875 is divided by 41.
38
What is the remainder when 115923 is divided by 13?
2
Calculate the remainder when 672620 is divided by 461.
21
Calculate the remainder when 27306 is divided by 325.
6
Calculate the remainder when 38049 is divided by 720.
609
What is the remainder when 1111 is divided by 363?
22
What is the remainder when 25381 is divided by 1355?
991
What is the remainder when 2481452 is divided by 13?
12
Calculate the remainder when 65268 is divided by 242.
170
Calculate the remainder when 181965 is divided by 90970.
25
Calculate the remainder when 13693 is divided by 4225.
1018
What is the remainder when 2273241 is divided by 131?
129
What is the remainder when 10857 is divided by 299?
93
What is the remainder when 311538 is divided by 185?
183
Calculate the remainder when 54796 is divided by 4981.
5
What is the remainder when 7318 is divided by 20?
18
Calculate the remainder when 83938 is divided by 1.
0
What is the remainder when 58505 is divided by 468?
5
Calculate the remainder when 8321 is divided by 71.
14
What is the remainder when 4281 is divided by 78?
69
Calculate the remainder when 7549522 is divided by 1726.
1724
What is the remainder when 8259 is divided by 68?
31
Calculate the remainder when 4293 is divided by 568.
317
Calculate the remainder when 276017 is divided by 748.
5
What is the remainder when 745913 is divided by 219?
218
Calculate the remainder when 15933 is divided by 15568.
365
Calculate the remainder when 107 is divided by 29.
20
Calculate the remainder when 1435824 is divided by 949.
936
What is the remainder when 3886638 is divided by 17?
13
Calculate the remainder when 188897 is divided by 47217.
29
What is the remainder when 64947 is divided by 1?
0
What is the remainder when 21717 is divided by 1034?
3
What is the remainder when 19158 is divided by 9567?
24
Calculate the remainder when 2692 is divided by 823.
223
What is the remainder when 80776 is divided by 20?
16
What is the remainder when 14624 is divided by 399?
260
Calculate the remainder when 20723 is divided by 54.
41
What is the remainder when 2606863 is divided by 604?
603
Calculate the remainder when 2259 is divided by 1362.
897
What is the remainder when 2910 is divided by 1607?
1303
Calculate the remainder when 135679 is divided by 33.
16
What is the remainder when 1196 is divided by 574?
48
What is the remainder when 12318 is divided by 6155?
8
Calculate the remainder when 1126587 is divided by 51.
48
Calculate the remainder when 18308 is divided by 316.
296
What is the remainder when 62012 is divided by 68?
64
Calculate the remainder when 30686 is divided by 13.
6
What is the remainder when 585756 is divided by 1959?
15
Calculate the remainder when 3357 is divided by 281.
266
Calculate the remainder when 376 is divided by 2.
0
Calculate the remainder when 3934 is divided by 635.
124
What is the remainder when 41814 is divided by 189?
45
Calculate the remainder when 36562 is divided by 63.
22
Calculate the remainder when 32911 is divided by 23.
21
Calculate the remainder when 89997 is divided by 240.
237
Calculate the remainder when 3019 is divided by 177.
10
Calculate the remainder when 261199 is divided by 137.
77
What is the remainder when 536917 is divided by 178934?
115
Calculate the remainder when 48381 is divided by 252.
249
Calculate the remainder when 47332 is divided by 322.
320
What is the remainder when 22731 is divided by 98?
93
What is the remainder when 1143 is divided by 68?
55
Calculate the remainder when 1190 is divided by 19.
12
What is the remainder when 240318 is divided by 84?
78
What is the remainder when 814 is divided by 224?
142
What is the remainder when 40530 is divided by 30?
0
Calculate the remainder when 21274 is divided by 644.
22
Calculate the remainder when 31285 is divided by 30.
25
Calculate the remainder when 53577 is divided by 94.
91
Calculate the remainder when 783 is divided by 86.
9
Calculate the remainder when 1494 is divided by 274.
124
Calculate the remainder when 6253 is divided by 146.
121
Calculate the remainder when 275673 is divided by 299.
294
Calculate the remainder when 76603 is divided by 358.
349
What is the remainder when 5918 is divided by 40?
38
Calculate the remainder when 8261 is divided by 87.
83
What is the remainder when 2163 is divided by 646?
225
Calculate the remainder when 219826 is divided by 84.
82
Calculate the remainder when 196752 is divided by 195.
192
What is the remainder when 686 is divided by 342?
2
What is the remainder when 292932 is divided by 485?
477
Calculate the remainder when 751398 is divided by 260.
258
What is the remainder when 94511 is divided by 85?
76
Calculate the remainder when 7438 is divided by 3052.
1334
What is the remainder when 1708 is divided by 399?
112
Calculate the remainder when 4082 is divided by 312.
26
Calculate the remainder when 1373 is divided by 680.
13
Calculate the remainder when 6369 is divided by 915.
879
What is the remainder when 39317 is divided by 55?
47
Calculate the remainder when 419427 is divided by 188.
187
What is the remainder when 311849 is divided by 22274?
13
What is the remainder when 49850 is divided by 1310?
70
What is the remainder when 251608 is divided by 25160?
8
What is the remainder when 7019 is divided by 156?
155
What is the remainder when 4951 is divided by 246?
31
What is the remainder when 36345 is divided by 353?
339
Calculate the remainder when 136 is divided by 13.
6
What is the remainder when 2438611 is divided by 2193?
2188
What is the remainder when 210900 is divided by 363?
360
What is the remainder when 99021 is divided by 11?
10
Calculate the remainder when 241974 is divided by 28.
26
What is the remainder when 8047 is divided by 7870?
177
What is the remainder when 79302 is divided by 721?
713
Calculate the remainder when 22986 is divided by 14.
12
What is the remainder when 3229 is divided by 557?
444
What is the remainder when 4694 is divided by 4210?
484
What is the remainder when 5611 is divided by 374?
1
What is the remainder when 14105 is divided by 486?
11
What is the remainder when 56585 is divided by 23?
5
Calculate the remainder